ose -9 = 4*s - 29. Suppose s*t - 336 - 19 = 0. What is the remainder when t is divided by 18?
17
Let b = -8 + 12. Suppose -4 = -b*p - 0. What is the remainder when (-3 - (1 - 3))*-1 is divided by p?
0
Let d(o) = -12*o**2 - o. Let m be d(-1). Suppose 0 = -2*g - 3*g + 85. Let p = m + g. Calculate the remainder when 11 is divided by p.
5
What is the remainder when 3/2*58/3 is divided by 10?
9
Suppose 3*r - 5*r = 6, 0 = -2*o + 3*r + 17. Suppose -x + 4 + 2 = 0. What is the remainder when x is divided by o?
2
Let h = -73 + 86. What is the remainder when 64 is divided by h?
12
Suppose 0*m - 3*m - 26 = -q, 5*m = -4*q + 70. Suppose 3*c - 2*o = 5*c - 20, 4*c + 5*o - 43 = 0. What is the remainder when q is divided by c?
6
Suppose -3*c = -0*c. Let k = c - -3. Suppose 0 = i + 3*n - 33, 2*i + i - 105 = -k*n. Calculate the remainder when i is divided by 19.
17
Let m = -11 + 5. Let d = 14 + m. What is the remainder when 22 is divided by d?
6
Let d be ((-18)/10)/((-8)/(-40)). Let o(g) = g**2 + 5*g + 1. Calculate the remainder when o(d) is divided by 13.
11
Suppose -c + 56 = 4*t, -2*t + 28 = -3*c + 5*c. Calculate the remainder when (-11 + 2)*-3 - 1 is divided by t.
12
Suppose 156 = o + 2*o. What is the remainder when o is divided by ((-1)/2)/((-4)/144)?
16
Let u = 29 + -21. Let j = 15 - u. Suppose -16 = 4*p - 4, -2*l - 4*p - 4 = 0. Calculate the remainder when j is divided by l.
3
Let y(b) = b**2 - 5*b + 6. Calculate the remainder when 40 is divided by y(5).
4
Let t be (-2)/(-9) + 64/36. Suppose b + 3*b - 150 = t*u, 3*b - 117 = -3*u. Calculate the remainder when b is divided by (-4)/(-6) + 37/3.
12
Let j(r) = r**3 - 11*r**2 - 12*r + 18. Let o be j(12). Let x = -7 + o. What is the remainder when 21 is divided by x?
10
Suppose 2*y - 172 = -4*w, 435 = 5*y + w + 4*w. What is the remainder when y is divided by 30?
28
Let w = -36 + 77. What is the remainder when w is divided by 7?
6
Let v = 37 + -24. What is the remainder when 60 is divided by v?
8
Let z(o) be the second derivative of o**3/6 + 13*o**2/2 - 3*o. Calculate the remainder when 2/(-7) - 79/(-7) is divided by z(-7).
5
Suppose -4*t - 2*j - 10 = 0, 0 = 6*j - 3*j + 15. Suppose 2*r - 18 = -t*r. Calculate the remainder when r is divided by 2.
1
Let g = -69 + 139. Let d = -43 + g. What is the remainder when 78 is divided by d?
24
Calculate the remainder when 39 is divided by 1/((-164)/56 - -3).
11
What is the remainder when ((144/20)/(-3))/((-2)/95) is divided by 29?
27
Suppose 2*n = 6*n - 212. Suppose 4*s - n = 131. Calculate the remainder when s is divided by 12.
10
Suppose 0 = -8*z + 3*z + 20. Suppose p - 3*p = z. What is the remainder when (p/3)/((-2)/72) is divided by 13?
11
Suppose 0 = -5*k + 25, 2*k - 103 = -4*a + 3*k. Let z be ((-6)/9)/(4/(-138)). Let n = z + -9. What is the remainder when a is divided by n?
13
Suppose 636 = -0*t + 6*t. What is the remainder when t is divided by 36?
34
Suppose -3*n - 2*q - q + 21 = 0, -14 = -2*n + q. Suppose -l = 2*s - 0*s - 25, -s = -2*l - 15. What is the remainder when s is divided by n?
6
Let q = -6 - -48. Let h = q - 13. Calculate the remainder when h is divided by 15.
14
Suppose -5*p + r = 9, -2*r = r + 3. Let c(w) = 5*w - 24. Let q be c(5). Let b = q - p. What is the remainder when 3 is divided by b?
0
Suppose j = 2*g - 12, 3*j = -g + 2 - 3. Suppose -21 = -g*c + 74. Let q = 2 - -8. What is the remainder when c is divided by q?
9
Let p(v) be the second derivative of -v**4/12 + v**3/6 + v**2 - v. Let y be p(0). Calculate the remainder when 0 + 2 - -22 - y is divided by 12.
10
Let v = 6 - 4. Let z(c) = -c**2 - 25*c - 21. Calculate the remainder when z(-24) is divided by v.
1
Let g = 23 - 14. Calculate the remainder when 3/12 - 198/(-8) is divided by g.
7
Let s = -7 - -13. Let d = 12 - 2. What is the remainder when d is divided by s?
4
Let o = 13 - -5. Suppose -3*j + 6 + o = 0. Calculate the remainder when j is divided by 5.
3
Let h = -5 + 10. Suppose 0 = 5*z - u - 50, -3*z - 12 = h*u - 42. What is the remainder when z is divided by ((-64)/28 - -2)*-21?
4
Suppose 2*c + 7*c - 144 = 0. What is the remainder when 27 is divided by c?
11
Let c(g) = g**2 + 5*g - 13. Let d be c(6). Suppose -5*k - d = -u, -2*k + 7*k = 2*u - 86. Calculate the remainder when 129 is divided by u.
30
Let u be ((-12)/(-15))/((-1)/(-25)). Let q = 6 - u. Let h = q - -36. Calculate the remainder when h is divided by 8.
6
Suppose 2*h - q = -2*q + 48, 0 = 3*h + 5*q - 65. Suppose 0 = -4*y, -2*x - y - 7 + 25 = 0. Calculate the remainder when h is divided by x.
7
Suppose 2*a + 2*a - 4*i = 56, a - 5*i - 6 = 0. What is the remainder when (-20)/70 - (848/(-28) - -1) is divided by a?
13
Calculate the remainder when ((-264)/4)/((27/(-12))/3) is divided by 13.
10
Let o(m) = -m**2 + 10*m - 2. Let n be o(4). Calculate the remainder when 9 is divided by (-12)/66 - (-70)/n.
0
Let m = 9 + -2. Suppose 5*z = -m*s + 3*s + 20, 4*s = -3*z + 12. Suppose s = -v - 3*v + 28. Calculate the remainder when 12 is divided by v.
5
Suppose -3*r + 56 = -127. What is the remainder when r is divided by 16?
13
Let v(i) = i**3 - 6*i**2 + 13*i - 4. Let t(w) = -2*w**3 + 11*w**2 - 27*w + 7. Let c(h) = 3*t(h) + 7*v(h). What is the remainder when 26 is divided by c(8)?
8
Let y = 14 + 14. Let s = -1 - -11. What is the remainder when y is divided by s?
8
Let n be (9 - 0)*2/6. Suppose -f + 17 - 3 = -n*w, -2*f + 19 = -3*w. Let i = w - -6. What is the remainder when i is divided by 2?
1
Let o = -15 - -22. Suppose 4*a - 3*d - 128 = 0, 0 = -a - 2*d - 2*d + 51. Suppose -4*x + a = -13. What is the remainder when x is divided by o?
5
Let l(o) = -o**3 - o**2 + 2*o. Let h be l(-2). Suppose -4*m + 3*m + 13 = h. What is the remainder when 37 is divided by m?
11
What is the remainder when -3 + (-7)/(35/(-75)) is divided by 3?
0
Suppose -3 = 3*y + x - 31, 5*y + 3*x = 40. Suppose 2*a - 14 = -5*b + 9, 5*b - a - 11 = 0. Calculate the remainder when y is divided by b.
2
Suppose -4*r - 7 = -3*q, 3*q = r + 4 + 9. Suppose r*z + 3*z - 200 = 0. Suppose 0*a - 4*a + z = 0. What is the remainder when a is divided by 4?
2
Let b be 1 + -3 + 2 + 3. Let k(x) be the first derivative of -x**4/4 + x**3 + 3*x**2/2 - 2*x + 1. What is the remainder when 12 is divided by k(b)?
5
Calculate the remainder when (90/8)/9*(0 + 12) is divided by 8.
7
Let q(n) = -2*n - 3. What is the remainder when 32 is divided by q(-7)?
10
Calculate the remainder when (2 + 0)*74*1/4 is divided by 19.
18
Let q(r) = -r**3 + 4*r**2 + 4*r - 3. What is the remainder when q(3) is divided by 4?
2
Let y(j) = 13*j**2 + 3*j - 1. Calculate the remainder when 162 is divided by y(1).
12
Suppose 4*o - 2*h = 46, -54 + 11 = -4*o + h. What is the remainder when 27 is divided by o?
7
Suppose 109*q = 113*q - 188. Calculate the remainder when q is divided by 13.
8
Let q = 21 + -23. What is the remainder when 3 is divided by 2 - 4 - -1 - q?
0
Let i(z) = 5*z**2 - z + 16. What is the remainder when i(4) is divided by 31?
30
Suppose -5*t + 74 + 91 = 0. Calculate the remainder when t is divided by 17.
16
Suppose -312 = -3*v + 150. What is the remainder when v is divided by 40?
34
Let l = 6 - 3. Suppose 1 = l*h - 11. Calculate the remainder when h is divided by 3.
1
Suppose 5*s - c + 17 = c, 3*s = 2*c - 7. Let h = -2 - s. What is the remainder when h is divided by 3?
0
Let d(x) = -3*x + 8. Let y(v) = -6*v - 12. What is the remainder when d(-8) is divided by y(-4)?
8
Let c = -5 - -17. Suppose -39 = -u - c. Calculate the remainder when u is divided by 7.
6
Let j(k) be the first derivative of -k**2/2 - 4*k + 4. Let y be j(-6). Suppose 3*w + y*w - 85 = 0. What is the remainder when w is divided by 9?
8
Suppose 0*z - 2*z = 4*o - 314, 3*z = 2*o + 431. Let w = z - 98. What is the remainder when w is divided by 26?
23
Suppose 2*j - 4*x = 42, -j + 7 + 20 = -4*x. Calculate the remainder when 65 is divided by 108/5 + 6/j.
21
Let p = 5 + 3. Let x = p + -2. Suppose 2*u + 3*q = u - 1, 0 = q + 4. Calculate the remainder when u is divided by x.
5
Let o(k) = 2*k**2 - 2*k - 2. Suppose -26 = -5*h - 16. What is the remainder when o(h) is divided by 1?
0
Let r = -39 + 56. Let v = 17 + -8. Let p = v - 3. Calculate the remainder when r is divided by p.
5
Let o be (-34)/(-10) + 8/(-20). Suppose 3*r + 4*y = y + 27, -27 = -o*r + 5*y. Suppose 18 = 5*f